 13*v = 16*v - l, 0 = -4*t + 5*v + 205. Calculate the remainder when t is divided by 12.
9
Calculate the remainder when 16829 is divided by (25 - 51/6)*10.
164
Let f(s) = -175*s - 373. What is the remainder when 2742 is divided by f(-6)?
34
Let g(q) = q**3 - 17*q**2 + 28*q + 52. Suppose 0 = -3*p - 2*k + 45, -3*p + 6*p - 5*k - 45 = 0. What is the remainder when g(p) is divided by 17?
5
Suppose -r + 60 = 3*t, r = -2*t - 13 + 68. Let g = 280 - 284. Calculate the remainder when 22 is divided by g*(r/10)/(-3).
4
Suppose v = 0, 0*h + v = -h + 384. Suppose -h + 350 = -2*u. What is the remainder when 217 is divided by u?
13
Let z = 5067 - 2307. Suppose -302*r = -296*r - z. What is the remainder when r is divided by 8?
4
What is the remainder when (-132)/(-2) + (-6)/(-3) is divided by (48/72)/((-38)/(-2565))?
23
Let g be (5 - (-140)/(-30))*(7 - 1). Suppose g*n + 2*h - h - 7 = 0, h - 5 = 0. Calculate the remainder when 3 is divided by n.
0
Let i(s) be the second derivative of s**5/20 + 7*s**4/12 - s**3/3 - 19*s**2/2 + 2*s + 8. Calculate the remainder when i(-3) is divided by 17.
6
Let d = -67 - -154. Suppose -192*m + 94 + 518 + 1523 = -745. What is the remainder when d is divided by m?
12
Suppose -2*a + 182 = d, -2*d = -0*a + 2*a - 360. Suppose 13*r = 10*r - 4*c + 151, 3*c + 168 = 4*r. What is the remainder when d is divided by r?
43
Let k be 4294/26 - (-36)/(-234). Let c = k - 72. What is the remainder when c is divided by 14?
9
Let u be (1 + 2/4)/((-15)/40). Let j be (-3)/((-12)/16) + u. Suppose 5*y - 130 = -j*y. Calculate the remainder when y is divided by 15.
11
Calculate the remainder when 932 is divided by (3*5/6)/((-415)/(-2988)).
14
Let y(b) = 33*b**2 + 22*b + 75. Let j be y(-3). What is the remainder when 149 is divided by -2*(j/4)/(-3)?
47
Calculate the remainder when (-3)/18 + 2 + (-25617)/(-18) is divided by 42.
39
Let k be (11 + -1)*((-188)/20 - -11). Let p(f) = -2*f + 127. Calculate the remainder when p(k) is divided by 12.
11
Let h(y) = -16*y + 207. Let i be h(13). Calculate the remainder when 426 is divided by 116/(-3)*i - (-67)/201.
36
Suppose 0 = -4*b, -4*b + 12 + 75 = d. Calculate the remainder when 142 is divided by d.
55
Let c(l) = -l + 29. Let f be c(26). Suppose 18 - 36 = -f*o. Calculate the remainder when 47 is divided by o.
5
Let a be -4 - (-276 + (-25)/(-5)). Let q = a - 144. Calculate the remainder when q is divided by 62.
61
Suppose -5*v = 5*t - 2*t + 1315, -2*v - t - 526 = 0. Let c = 390 + v. Calculate the remainder when c is divided by 32.
31
Let i(d) = -3*d + 1. Let b be i(1). Let s be 1/2 - (4 - (-17)/b). Suppose 4*l - s*l + v = -103, l = 2*v + 103. What is the remainder when l is divided by 54?
49
Let y = 5746 + -3467. What is the remainder when y is divided by 33?
2
Let a(g) = -g**3 - 6*g**2 + 7*g + 10. Let b = 65 - -67. Suppose 3*q - 69 = -5*x + 57, -3*q + b = 3*x. Calculate the remainder when q is divided by a(-7).
7
Suppose 4*t - 266 + 76 = 86. What is the remainder when 141 is divided by t?
3
Let c = -6733 + 6877. Calculate the remainder when 227 is divided by c.
83
Suppose -5*q = -3*t - 1107, -1019 = -4*q - t - 164. What is the remainder when 955 is divided by q?
91
Suppose -17 = -o + 23. Suppose o = -5*x - 0. Let y(p) = -4*p + 1. What is the remainder when y(x) is divided by 12?
9
Let i = 5 + 8. Let a(k) = -3*k**2 + 8*k + 1. Let r be a(-10). Let g = -329 - r. Calculate the remainder when g is divided by i.
11
Suppose i = 44 - 37. Suppose -3*d + 5*j + 7 = 0, -5*j = 3*d - i*j - 10. What is the remainder when (36 - -1) + 2 - 0 is divided by d?
3
What is the remainder when 449 is divided by -1 + -9 + 8 + 154?
145
Suppose 3*u + 0*l + 2*l = 221, 4*u = 4*l + 268. What is the remainder when -7 + (-6)/(-2) - -206 - 0 is divided by u?
60
Let n = 12288 + -12284. What is the remainder when 1053 is divided by n?
1
Let c = -6077 - -6183. Calculate the remainder when 438 is divided by c.
14
Let k(m) = -5*m**2 - 24*m. Let w be k(-6). Let q = w + 46. Suppose 0 = -2*r - 2 + q. Calculate the remainder when 23 is divided by r.
3
Let l(o) = 2*o + 62. Let m be l(9). Suppose 5*v - 5*x - m = 0, 4*v - 7*x = -5*x + 62. Calculate the remainder when 41 is divided by v.
11
Suppose -v + j + 357 = 0, 2*j + 1065 = 31*v - 28*v. Calculate the remainder when v is divided by 42.
15
Suppose 5*v + 110 = 450. Let w = 70 - v. Suppose 0 = 3*j - a + w - 72, -5*j + 126 = -4*a. What is the remainder when 41 is divided by j?
19
Suppose 0 = r + 3 - 25. Suppose 62*b - 57*b = -4*k + 32, -5*k + 3*b = -3. What is the remainder when r is divided by k?
1
Suppose b - 370 = -5*x, -126*x - 5*b = -127*x + 100. Calculate the remainder when 1566 is divided by x.
66
Let s(k) = k**3 + 13*k**2 - 15*k - 88. Let n be s(-15). Let v = n + 344. What is the remainder when 84 is divided by v?
22
Let r(c) = -56 + 153 - 83 + 106 + 191 + 8*c. Suppose 74 = -2*i + 4*i. What is the remainder when r(-16) is divided by i?
35
Calculate the remainder when (2584/51 - 14)*93/2 is divided by 49.
39
Suppose 113*q + 137*q = -53*q + 33330. Calculate the remainder when q is divided by 29.
23
Let l(n) = 2*n - 4. Suppose 2*a + 5*t = 22, a - 11 = -5*t + 4*t. Let d(m) = 8*m**2 - 21*m - 162. Calculate the remainder when d(-5) is divided by l(a).
17
Let q = -12044 - -13778. What is the remainder when q is divided by 56?
54
Let b = 21 - -1. Let j = -13307 + 13394. Calculate the remainder when j is divided by b.
21
Let u = -6917 + 6987. What is the remainder when 228 is divided by u?
18
Suppose -142*l + 78*l - 16*l + 47440 = 0. Calculate the remainder when l is divided by 196.
5
Let t(c) = 7*c - 29. Let h(j) = -7*j + 30. Let y(q) = -2*h(q) - 3*t(q). What is the remainder when y(-7) is divided by 28?
20
Let z = 44 - 41. Let s be (2 - z)/(5/(-10)). Calculate the remainder when 111 is divided by (69/6)/(s/4).
19
Let j(o) = 26*o**2 - 176*o + 13. Calculate the remainder when j(10) is divided by 19.
17
Suppose 0 = -4*x + 4 + 28. What is the remainder when ((-3)/(-15)*58)/((-36)/(-90)) is divided by x?
5
Let h = 11262 - 11002. Calculate the remainder when 1049 is divided by h.
9
Let j = -14212 + 14291. What is the remainder when 1736 is divided by j?
77
Let v = 451 - 227. Let u = -190 + v. Suppose 3 - 63 = -3*x. Calculate the remainder when u is divided by x.
14
Suppose 0 = 63*f - 30*f - 1485. Calculate the remainder when 2480 is divided by f.
5
Let a = -532 + 535. Suppose -5*q + 7*j - a*j = -166, -2*j - 68 = -2*q. What is the remainder when q is divided by 16?
14
Let i = -3221 - -3354. Calculate the remainder when i is divided by 11.
1
Let n(j) = j**3 - 12*j**2 - 14*j + 24. Let t be n(13). Suppose w + 5*a = 151, 2*a - t + 1 = 0. What is the remainder when w is divided by 65?
61
Suppose 0 = 2*b - 33 - 37. Suppose 7*m - 21 = 3*m - f, -28 = -2*m - 4*f. What is the remainder when m - (-940)/7 - 4/14 is divided by b?
33
Suppose 0 = -3*z + 5*t + 40, 11 = z - 3*t + 3. Let s(j) = -j**3 + 10*j**2 - 3*j - 18. What is the remainder when s(9) is divided by z?
16
Calculate the remainder when 1136/71*(59/4 - 2) is divided by 3.
0
Let x = -25747 + 30626. What is the remainder when x is divided by 8?
7
Let y = -67 + 94. Let j = -11 - -3. Let u(m) = 2*m**2 + 4*m - 18. What is the remainder when u(j) is divided by y?
24
Let d = 13150 + -13059. Let a be (-12)/10*(-31 + -4). Let j = a - 11. Calculate the remainder when d is divided by j.
29
Let p be ((-16)/(-48))/(1/(-1 + -2)). Let y(g) be the third derivative of 23*g**5/30 + g**2. What is the remainder when y(p) is divided by 25?
21
Suppose -5*s + 120 = 3*f, -7*s + 11*s + f = 89. What is the remainder when 2013 is divided by s?
18
Suppose -m + y = -22, -6*y + 4*y - 2 = 0. Suppose -2*g = 4*r - 272, 0 = -3*g - 3*r + 437 - 14. What is the remainder when g is divided by m?
20
Suppose 3*h = 3*l - 108, h - 4*h = -5*l + 112. Let d = -32 - h. Suppose -d*r = 5*r - 35. What is the remainder when 13 is divided by r?
3
Let i be (-1 + -9 + 9)*(-58)/2. Calculate the remainder when 144 is divided by (8 - (6 - 4)) + i.
4
Suppose 4*z + 615 - 187 = 0. Let i = 134 + z. Let w = 115 + -8. Calculate the remainder when w is divided by i.
26
Let u = 8146 + -8142. Calculate the remainder when 877 is divided by u.
1
Let j = 173 + -155. Calculate the remainder when j is divided by (-1235)/(-171) + (-4